{"id":8,"date":"2019-05-07T19:46:51","date_gmt":"2019-05-07T17:46:51","guid":{"rendered":"https:\/\/ow48.de\/buga2019\/?page_id=8"},"modified":"2019-05-07T19:48:05","modified_gmt":"2019-05-07T17:48:05","slug":"datenschutzerklaerung","status":"publish","type":"page","link":"https:\/\/ow48.de\/buga2019\/datenschutzerklaerung\/","title":{"rendered":"Datenschutzerkl\u00e4rung"},"content":{"rendered":"\n<h2 class=\"wp-block-heading\">Geltungsbereich<\/h2>\n\n\n\n<p>Diese Datenschutzerkl\u00e4rung soll die Nutzer dieser Website gem\u00e4\u00df Bundesdatenschutzgesetz und Telemediengesetz \u00fcber die Art, den Umfang und den Zweck der Erhebung und Verwendung personenbezogener Daten durch den Webseitebreiber (Oliver Witzelmiaier, Kontakt siehe Impressum) informieren.<\/p>\n\n\n\n<p>Der Websitebetreiber nimmt Deinen Datenschutz sehr ernst und behandelt Deine Daten vertraulich und entsprechend der gesetzlichen Vorschriften.<\/p>\n\n\n\n<p>Bedenke, dass die Daten\u00fcbertragung im Internet grunds\u00e4tzlich mit Sicherheitsl\u00fccken bedacht sein kann. Ein vollumf\u00e4nglicher Schutz vor dem Zugriff durch Fremde ist nicht realisierbar.<\/p>\n\n\n\n<h2 class=\"wp-block-heading\">Zugriffsdaten<\/h2>\n\n\n\n<p>Der Websitebetreiber bzw. Seitenprovider erhebt Daten \u00fcber Zugriff auf die Seite und speichert diese als &#8222;Server-Logfiles&#8220; ab. Folgende Daten werden protokolliert:<\/p>\n\n\n\n<ul class=\"wp-block-list\"><li>Besuchte Website<\/li><li>Uhrzeit zum Zeitpunkt des Zugriffes<\/li><li>Menge der gesendeten Daten in Byte<\/li><li>Quelle\/Verweis, von welchem Du auf die Seite gelangt bist<\/li><li>Verwendeter Browser<\/li><li>Verwendetes Betriebssystem<\/li><li>Verwendete IP-Adresse<\/li><\/ul>\n\n\n\n<p>Die erhobenen Daten dienen lediglich statistischen Auswertungen und zur Verbesserung der Website. Der Websitebtreiber beh\u00e4lst sich allerdings vor, die Server-Logfiles nachtr\u00e4glich zu \u00fcberpr\u00fcfen, solten konkrete Anhaltspunkte auf eine rechtswidrige Nutzung hinweisen.<\/p>\n\n\n\n<p>Unser Websiteprovider ist die Strato AG, Berlin<\/p>\n\n\n\n<h2 class=\"wp-block-heading\">Cookies<\/h2>\n\n\n\n<p>Diese Website verwendet vereinzelt auch Cookies. Dabei handelt es sich um kleine Textdateien, welche auf Deinem Endger\u00e4t gespeichert werden. Dein Browser greift auf diese Dateien zu. Durch den Einsatz von Cookies erh\u00f6ht sich die Benutzerfreundlichkeit und Sicherheit der Website. G\u00e4ngige Browser bieten die Einstellungsoption, Cookies nicht zuzulassen. Diese Website funktioniert im Regelfall auch, wenn Cookies deaktiviert sind.<\/p>\n\n\n\n<h2 class=\"wp-block-heading\">Umgang mit personenbezogenen Daten<\/h2>\n\n\n\n<p>Der Websitebetreiber erhebt, nutzt und gibt Deine personenbezogenen Daten nur dann weiter, wenn dies im gesetzlichen Rahmen erlaubt ist oder Du in die Datenerhebung einwilligst.<\/p>\n\n\n\n<p>Als personenbezogene Daten gelten s\u00e4mtliche Informationen, welche dazu dienen, Deine Person zu bestimmen und welche zu Dir zur\u00fcckverfolgt werden k\u00f6nnen &#8211; also beispielsweise Dein Name, Deine E-Mail-Adress und Telefonnummer.<\/p>\n\n\n\n<h2 class=\"wp-block-heading\">Umgang mit Kontaktdaten<\/h2>\n\n\n\n<p>Nimmst Du mit dem Websitebetreiber durch die angebotenen Kontaktm\u00f6glichkeiten Verbindung auf, werden Deine Angaben gespeichert, damit auf diese zur Bearbeitung und Beantwortung Deiner Anfrage zur\u00fcckgegriffen werden kann. Ohne Deine Einwilligung werden diese Daten nicht an Dritte weitergegeben.<\/p>\n\n\n\n<h2 class=\"wp-block-heading\">Umgang mit Kommentaren und Beitr\u00e4gen<\/h2>\n\n\n\n<p>Hinerl\u00e4sst Du auf dieser Website einen Beitrag oder Kommentar, wird Deine IP-Adresse anonymisiert. Kommentare werden erst nach Pr\u00fcfung freigeschaltet. Alternativ kannst Du Dir auch ein Profil anlegen, dazu sind ein Benutzername und eine E-Mail-Adresse sowie ein Passwort notwendig. Die Angaben werden ben\u00f6tigt um die Beitr\u00e4ge und Kommentare einer Person zuordnen zu k\u00f6nnen. Der Name oder Nikname erscheint dann beim Beitrag oder Kommentar (siehe personenbezogene Daten). Das Profil wird auch einmalig vom Websitebetreiber freigeschaltet. Avatare sind auf dieser Website abgeschaltet.<\/p>\n\n\n\n<h2 class=\"wp-block-heading\">Rechte des Nutzers: Auskunft, Berichtigung, L\u00f6schung<\/h2>\n\n\n\n<p>Du als Nutzer erh\u00e4ltst auf Antrag Deinerseits kostenlose Auskunft dar\u00fcber, welche personenbezogene Daten \u00fcber Dich gespeichert wurden. Sofern Dein Wunsch nicht mit einer gesetzlichen Pflicht zur Aufbewarung von Daten (z. B. Voratsdatenspeicherung) kollidiert, hast Du ein Anrecht auf Berichtigung falscher Daten und auf die Sperrung oder L\u00f6schung Deiner personenbezogener Daten.<\/p>\n\n\n\n<p>Die Datenschutzerkl\u00e4rung wurde aufgrund der Muster-Datenschutzerkl\u00e4rung vom <a href=\"http:\/\/datenschutz.org\" target=\"_blank\" rel=\"noreferrer noopener\">datenschutz.org<\/a> erstellt.<\/p>\n","protected":false},"excerpt":{"rendered":"<p>Geltungsbereich Diese Datenschutzerkl\u00e4rung soll die Nutzer dieser Website gem\u00e4\u00df Bundesdatenschutzgesetz und Telemediengesetz \u00fcber die Art, den Umfang und den Zweck der Erhebung und Verwendung personenbezogener Daten durch den Webseitebreiber (Oliver Witzelmiaier, Kontakt siehe Impressum) informieren. Der Websitebetreiber nimmt Deinen Datenschutz sehr ernst und behandelt Deine Daten vertraulich und entsprechend der gesetzlichen Vorschriften. Bedenke, dass die &hellip; <\/p>\n<p class=\"link-more\"><a href=\"https:\/\/ow48.de\/buga2019\/datenschutzerklaerung\/\" class=\"more-link\"><span class=\"screen-reader-text\">\u201eDatenschutzerkl\u00e4rung\u201c <\/span>weiterlesen<\/a><\/p>\n","protected":false},"author":1,"featured_media":0,"parent":0,"menu_order":0,"comment_status":"closed","ping_status":"closed","template":"","meta":{"footnotes":""},"class_list":["post-8","page","type-page","status-publish","hentry","entry"],"_links":{"self":[{"href":"https:\/\/ow48.de\/buga2019\/wp-json\/wp\/v2\/pages\/8","targetHints":{"allow":["GET"]}}],"collection":[{"href":"https:\/\/ow48.de\/buga2019\/wp-json\/wp\/v2\/pages"}],"about":[{"href":"https:\/\/ow48.de\/buga2019\/wp-json\/wp\/v2\/types\/page"}],"author":[{"embeddable":true,"href":"https:\/\/ow48.de\/buga2019\/wp-json\/wp\/v2\/users\/1"}],"replies":[{"embeddable":true,"href":"https:\/\/ow48.de\/buga2019\/wp-json\/wp\/v2\/comments?post=8"}],"version-history":[{"count":2,"href":"https:\/\/ow48.de\/buga2019\/wp-json\/wp\/v2\/pages\/8\/revisions"}],"predecessor-version":[{"id":10,"href":"https:\/\/ow48.de\/buga2019\/wp-json\/wp\/v2\/pages\/8\/revisions\/10"}],"wp:attachment":[{"href":"https:\/\/ow48.de\/buga2019\/wp-json\/wp\/v2\/media?parent=8"}],"curies":[{"name":"wp","href":"https:\/\/api.w.org\/{rel}","templated":true}]}}